 8991 + -8543. Calculate the highest common divisor of t and 28.
28
Let j = -38 + -112. Let o = -76 - j. Suppose -o = -3*b + 52. What is the greatest common divisor of 6 and b?
6
Let i be (105 + -9)*(-2 - (-72)/32). What is the highest common factor of 100 and i?
4
Let x be (-375)/(-11) - 14/154. Let z be (3/4)/(x/544). Calculate the greatest common divisor of 60 and z.
12
Suppose m + 2 = 16. Suppose -m*j = -j - 2002. Calculate the greatest common divisor of j and 44.
22
Suppose 0 = 5*q + 2*f - 296, 190 - 12 = 3*q + f. What is the greatest common divisor of 4128 and q?
12
Let v(f) = -16*f - 65. Let i(b) = -4*b + 19. Let w be i(11). Let x = -31 - w. Let z be v(x). Calculate the greatest common divisor of 217 and z.
31
Suppose -19968 = -94*k + 78*k. What is the greatest common factor of 576 and k?
96
Suppose v - 172 = -4*o, -3*v + 4*o = 2*o - 586. Let l = v + -183. Calculate the greatest common factor of l and 15.
3
Suppose c - 263 = 180. Let m = c + -92. What is the highest common factor of 78 and m?
39
Let q = -7304 - -7322. What is the greatest common divisor of 8829 and q?
9
Let o be (-608)/(2 - (-4 + 5 - 0)). Let z = o - -611. What is the greatest common factor of 2 and z?
1
Suppose -1140 = 14*f - 1168. Let s(c) = c**2 - 12*c + 13. Let h be 0*(-2)/6 + 11. Let m be s(h). What is the highest common divisor of f and m?
2
Suppose 862 - 97 = 3*k. Let q(c) = c**2 - 128*c + 3670. Let s be q(85). What is the greatest common divisor of s and k?
15
Suppose 2*q + 708 = -l + 4051, 0 = -8*q - 3*l + 13373. Calculate the highest common divisor of q and 374.
22
Let f(x) = 21*x**3 + 12*x**2 - 22*x + 4. Let g = -540 - -542. Let j be f(g). What is the highest common factor of j and 64?
16
Let j be 2 - 19/8 - 374778/(-752). Calculate the highest common divisor of j and 222.
6
Let q(p) = p**3 - p**2 + 16. Let l be q(0). Suppose 0 = 744647*w - 744664*w + 3400. Calculate the highest common divisor of l and w.
8
Let w(r) = r**2 - 5*r - 3. Let o be w(6). Suppose -5*g + 5 = -0, 0 = 2*b - o*g - 89. Suppose -b - 4 = -5*t. Calculate the highest common factor of t and 40.
10
Suppose 5*k - 2*h - 947 = 0, -2*k + k = -3*h - 192. Let l = 246 - k. Calculate the greatest common divisor of 627 and l.
57
Let i be -7 - -162 - -3 - (0 + -3). Let r = -116 + i. What is the greatest common divisor of r and 36?
9
Suppose 12*f - 9*f = 5*b + 2815, f = 4*b + 929. What is the greatest common factor of f and 2415?
105
Let h(q) be the first derivative of -2*q**3/3 + 29*q**2/2 - 52*q + 100. Let j be h(12). What is the highest common factor of 60 and j?
4
Let w be -3 + 84/30 + 102/10. Let b = 3534 + -3479. What is the highest common factor of b and w?
5
Let x(u) = 15*u**2 - 3*u - 6. Let n be x(10). Calculate the highest common factor of 183 and n.
183
Let w be (-139 - -24)*4/(-2). What is the greatest common divisor of 40 and w?
10
Let c be 28*-1*(-1054)/124 + 3*2. Calculate the highest common factor of c and 3050.
122
Let l = 1116 - 809. Let j = -282 + l. What is the highest common factor of 275 and j?
25
Suppose -4*u + 105 = -3*g, u - 15 = -4*g + 35. Suppose 22*i - 72 = 20*i. What is the greatest common factor of u and i?
6
Let v = -6274 - -6326. Calculate the greatest common factor of v and 299.
13
Let m(a) = 35*a**3 - a**2 + 10*a - 11. Let w be m(1). Calculate the greatest common factor of w and 7.
1
Suppose -3*h + 110*d + 5395 = 109*d, 0 = -2*d - 2. What is the highest common factor of h and 290?
58
Let s be 5*(-396)/(-225)*(-25)/(-2). What is the highest common factor of 10945 and s?
55
Suppose -4*k = -4*l, k + 4*k = 4*l. Suppose -3*r = -5*d + 3, -3*r - 2 - 1 = k. Suppose d = 6*a - 1140 + 300. What is the highest common factor of 28 and a?
28
Let l be (63/9 - 4) + 2*2. Suppose -l*o + 52 - 10 = 0. Calculate the greatest common divisor of 174 and o.
6
Let f(t) = -14*t + 112. Let c be 0 + 7 + 10/(-5). Let i be f(c). What is the greatest common divisor of i and 14?
14
Let u be 1/(3368/672 - 5). What is the greatest common divisor of 6804 and u?
84
Suppose -3*g + 4*q + 42 = q, 0 = -5*g + 4*q + 75. Let u = 40 - 36. Suppose -387 + 995 = u*v. What is the greatest common divisor of g and v?
19
Suppose 2*n - 242 = 30. Let i be 1430/17 + (-16)/n. Suppose 0 = 2*g - 28. Calculate the highest common divisor of i and g.
14
Suppose 4*r = 2*r - 2*m + 2, 2*r + 5*m + 4 = 0. Suppose 0 = l - 5*t - 50, 0 = l + 4*l - r*t - 162. Calculate the highest common factor of l and 480.
30
Let d = 85 - 81. Suppose 18 = -7*k + 6*k - d*g, -2*k - 42 = 5*g. Let q = k + 38. Calculate the highest common divisor of q and 4.
4
Suppose -5*i + 4*i = i - 4. Let p be 69/12 + 6/(-8). Suppose p*o - 37 - 68 = -5*m, o - 43 = -2*m. What is the greatest common divisor of i and m?
2
Let a = -6 + -2. Let b be (12/a)/(9/(-192)). Let x(g) = -4*g + 144. Let v be x(16). Calculate the highest common factor of v and b.
16
Suppose 0 = -0*t + 4*t - 672. Let a be 4/18 - 1008/(-567). Let n be 36/(-8)*(140/(-15))/a. What is the highest common factor of n and t?
21
Let p be ((-59392)/5120)/((-4)/50). Suppose c + 4*n - 29 = -0*n, 3*c = 4*n + 87. Calculate the greatest common divisor of p and c.
29
Let v be (-190)/(-3) - (-936)/351. Let j(o) = -10*o + 3*o - 16*o - 2. Let s be j(-2). Calculate the greatest common divisor of v and s.
22
Let z be -137*(-1)/5 + (-166)/415. Suppose 4*i + 4*c - 6 = 22, 34 = 4*i + 2*c. Let t = 206 + i. Calculate the greatest common divisor of z and t.
27
Let a(j) = j**2 + 6*j + 5. Let b be a(-5). Suppose -2*s = -5*u - 71 + 31, b = -s - 5*u + 5. Suppose 11*z - 7 = s. What is the highest common factor of 3 and z?
1
Suppose 165*c - 150*c - 555 = 0. What is the greatest common divisor of 8 and c?
1
Suppose 3*k - 34 + 13 = -x, -2*x + 5*k - 2 = 0. Suppose x*p - 61 = 947. Calculate the highest common factor of p and 7.
7
Suppose 45 = 5*m - 0*m. Let z = 9138 - 8751. Calculate the highest common factor of z and m.
9
Suppose 0 = 2*q - 2*w - 44, -4*w + 22 = q - 7*w. Let d be (-22)/(4*(-1)/q). Suppose -220 = -37*r + 17*r. What is the highest common divisor of d and r?
11
Suppose 3*s + 22 = -4*k, -17 = 991*s - 996*s + k. What is the greatest common factor of 934 and s?
2
Let z(p) = p**3 - 25*p**2 + 85*p - 16. Let t be z(27). What is the greatest common divisor of t and 74?
37
Let d = 3112 + -2959. What is the greatest common factor of d and 4896?
153
Suppose 9*i + 2*l - 36 = 5*i, 5*i = -3*l + 45. Let n = i - 3. Suppose -5*w + 13*w = 624. Calculate the highest common factor of w and n.
6
Let y = -16157 + 24061. What is the greatest common factor of 38 and y?
38
Let g = 85 + 42. Let z = -21 - -14. Let n = g + z. Calculate the greatest common factor of 24 and n.
24
Suppose 5*j - 2*k = 7331, -2931 = -221*j + 219*j + k. What is the highest common factor of 113 and j?
113
Let w be -40*(2 - 3)*(-6052)/(-170). What is the highest common divisor of 112 and w?
16
Let d be (32/3 - 8) + (-12)/18. What is the highest common divisor of 3242 and d?
2
Suppose -4*p = -2*p + g + 7, -g = -3*p - 18. Let j be (-121)/p - (-27)/(-135). Suppose -j = 5*z - 624. What is the greatest common factor of 48 and z?
24
Let x(l) = 53*l**2 + 142*l - 1033. Let j be x(7). What is the greatest common divisor of 2 and j?
2
Let r be (-4)/(-10) - (-10419)/115. Suppose 0 = 11*p - 1312 + r. What is the greatest common factor of 37 and p?
37
Let v(y) = 15*y + 37. Let d(g) = -4*g - 9. Let a(p) = -22*d(p) - 6*v(p). Let x = 24 - 42. Let z be a(x). What is the highest common factor of 48 and z?
12
Suppose 9*f - 9 = 7*f - 5*u, 0 = 5*f + 5*u. Let s be (79 - 95)*f/2. Calculate the greatest common factor of s and 264.
24
Let w be -3 + 6 - (16 + -251). What is the greatest common factor of 294 and w?
14
Suppose 5*s - 45 = -0*t + 5*t, 4*s + 4*t - 60 = 0. Suppose -2*z = -20 - 6. Let a = z - -119. Calculate the greatest common factor of s and a.
12
Suppose -290 = -9*q + 21*q - 1238. What is the highest common divisor of 8137 and q?
79
Let z(v) = -v + 12. Let f be z(5). Suppose 0 = -20*c + 161 + 219. Let j = c - -58. What is the greatest common divisor of j and f?
7
Let f(l) = -3*l**3 - 246*l**2 + 229*l + 173. Let t be f(-83). What is the greatest common factor of 423 and t?
141
Let g(k) = 2*k**3 - 5*k**2 + 4*k + 4. Let c be g(3). Let z = 43 - c. Suppose z = -5*r + 48. Calculate the highe